{"id":203,"date":"2024-05-29T04:31:00","date_gmt":"2024-05-29T04:31:00","guid":{"rendered":"https:\/\/plongee-saint-florent.com\/?page_id=203"},"modified":"2024-06-10T17:03:55","modified_gmt":"2024-06-10T17:03:55","slug":"les-plongees","status":"publish","type":"page","link":"https:\/\/plongee-saint-florent.com\/index.php\/les-plongees\/","title":{"rendered":"LES PLONGEES"},"content":{"rendered":"\n<p>Les plong\u00e9es avec le Dauphin Club de Plong\u00e9e de Saint Florent<\/p>\n\n\n\n<p>Nous organisons des sorties plong\u00e9es le matin et l&rsquo;apr\u00e8s midi.<\/p>\n\n\n\n<p>Mais aussi lorsque les sites sont&nbsp;\u00e9loign\u00e9s, nous partons a la journ\u00e9e pour 2 plong\u00e9es, il faut donc pr\u00e9voir<br>le pique-nique du midi et l&rsquo;ap\u00e9ro pour le retour \ud83d\ude42<\/p>\n\n\n\n<p>Voici quelques uns des sites de plong\u00e9e de la r\u00e9gion de Saint Florent, a d\u00e9couvrir&nbsp;ou a re-d\u00e9couvrir.<\/p>\n\n\n\n<figure class=\"wp-block-image size-full\"><img loading=\"lazy\" decoding=\"async\" width=\"800\" height=\"600\" src=\"https:\/\/plongee-saint-florent.com\/wp-content\/uploads\/2024\/05\/baie_saint_florent.jpg\" alt=\"\" class=\"wp-image-26\" srcset=\"https:\/\/plongee-saint-florent.com\/wp-content\/uploads\/2024\/05\/baie_saint_florent.jpg 800w, https:\/\/plongee-saint-florent.com\/wp-content\/uploads\/2024\/05\/baie_saint_florent-300x225.jpg 300w, https:\/\/plongee-saint-florent.com\/wp-content\/uploads\/2024\/05\/baie_saint_florent-768x576.jpg 768w, https:\/\/plongee-saint-florent.com\/wp-content\/uploads\/2024\/05\/baie_saint_florent-150x113.jpg 150w\" sizes=\"auto, (max-width: 800px) 100vw, 800px\" \/><\/figure>\n\n\n\n<figure class=\"wp-block-table\"><table><tbody><tr><td><strong>Sec de la Vecchiaia<\/strong><br>24\/28 m\u00e8tre: gros corbs, m\u00e9rous, nacres, sars<\/td><td><strong>La Roche aux Congres<\/strong><br>38 m\u00e8tres: congres, m\u00e9rous, corbs, sars<\/td><\/tr><tr><td><strong>La Roche 92<\/strong><br>36 m\u00e8tres: m\u00e9rous, congres, corbs<\/td><td><strong>La Roche Spiro<\/strong><br>41 m\u00e8tres: congres, nombreux spirographes, sars<\/td><\/tr><tr><td><strong>Les 3 Ancres<\/strong><br>27 m\u00e8tres: petites roches avec trois \u00e9normes ancres align\u00e9es, m\u00e9rous, grosses nacres pin\u00e9a nobili<\/td><td><strong>L<\/strong><strong>a Roche Norbert<br><\/strong>30 m\u00e8tres: roches assez basses au milieu du golfe, gros sars, champ de nacres pin\u00e9a nobili, langoustes, m\u00e9rous<\/td><\/tr><tr><td><strong>Grottes de la Citadelle<\/strong><br>13 m\u00e8tres: grottes, m\u00e9rous, sars, nunibranches<\/td><td><strong>La Pointe de Kurza<\/strong><br>sec qui part de la surface \u00e0 23 m\u00e8tres: saupes, mur\u00e8nes, sars<\/td><\/tr><tr><td><strong>Roches du 1er Ao\u00fbt<\/strong><br>2 gros blocs \u00e0 48\/52 m\u00e8tres: sars, m\u00e9rous, gorgones<\/td><td><strong>L&rsquo;Epave du \u00ab\u00a0\u00e7\u00e0 ira\u00a0\u00bb<\/strong><br>13 m\u00e8tres: restes d&rsquo;un bateau de la r\u00e9volution fran\u00e7aise<\/td><\/tr><tr><td><strong>Les Roches Pierrots<\/strong><br>33 m\u00e8tres devant la plage de Saleccia:&nbsp;roches isol\u00e9es avec gros sars, corbs, langoustes<\/td><td><strong>Roche de Nonza<\/strong><br>tombant de 36-55 m\u00e8tres: m\u00e9rous, gorgones, corail rouge, langoustes<\/td><\/tr><tr><td><strong>Ancre de la Comtesse<\/strong><br>22 m\u00e8tres: grosse ancre coinc\u00e9e sous un rocher, m\u00e9rous, congres, mur\u00e8nes, nacres, corbs<\/td><td><strong>La Mortella<br><\/strong>petit tombant 26-39 m\u00e8tres: m\u00e9rous, congres, mur\u00e8nes, barracudas<\/td><\/tr><tr><td><strong>Surreluccia<\/strong><br>42 m\u00e8tres: petit tombant, langoustes, m\u00e9rous<\/td><td><strong>Sec de Giotanni<\/strong><br>30\/60 m\u00e8tres: corail, langoustes, congres, m\u00e9rous<\/td><\/tr><tr><td><strong>Le Sphinx<\/strong>&nbsp;(Lodo)<\/td><td><strong>La Grotte aux Pigeons<\/strong><\/td><\/tr><\/tbody><\/table><\/figure>\n","protected":false},"excerpt":{"rendered":"<p>Les plong\u00e9es avec le Dauphin Club de Plong\u00e9e de Saint Florent Nous organisons des sorties plong\u00e9es le matin et l&rsquo;apr\u00e8s midi. Mais aussi lorsque les sites sont&nbsp;\u00e9loign\u00e9s, nous partons a la journ\u00e9e pour 2 plong\u00e9es, il faut donc pr\u00e9voirle pique-nique du midi et l&rsquo;ap\u00e9ro pour le retour \ud83d\ude42 Voici quelques&#8230;<\/p>\n<p class=\"continue-reading-button\"> <a class=\"continue-reading-link\" href=\"https:\/\/plongee-saint-florent.com\/index.php\/les-plongees\/\">Continue reading<i class=\"crycon-right-dir\"><\/i><\/a><\/p>\n","protected":false},"author":1,"featured_media":0,"parent":0,"menu_order":0,"comment_status":"closed","ping_status":"closed","template":"","meta":{"footnotes":""},"class_list":["post-203","page","type-page","status-publish","hentry"],"_links":{"self":[{"href":"https:\/\/plongee-saint-florent.com\/index.php\/wp-json\/wp\/v2\/pages\/203","targetHints":{"allow":["GET"]}}],"collection":[{"href":"https:\/\/plongee-saint-florent.com\/index.php\/wp-json\/wp\/v2\/pages"}],"about":[{"href":"https:\/\/plongee-saint-florent.com\/index.php\/wp-json\/wp\/v2\/types\/page"}],"author":[{"embeddable":true,"href":"https:\/\/plongee-saint-florent.com\/index.php\/wp-json\/wp\/v2\/users\/1"}],"replies":[{"embeddable":true,"href":"https:\/\/plongee-saint-florent.com\/index.php\/wp-json\/wp\/v2\/comments?post=203"}],"version-history":[{"count":6,"href":"https:\/\/plongee-saint-florent.com\/index.php\/wp-json\/wp\/v2\/pages\/203\/revisions"}],"predecessor-version":[{"id":242,"href":"https:\/\/plongee-saint-florent.com\/index.php\/wp-json\/wp\/v2\/pages\/203\/revisions\/242"}],"wp:attachment":[{"href":"https:\/\/plongee-saint-florent.com\/index.php\/wp-json\/wp\/v2\/media?parent=203"}],"curies":[{"name":"wp","href":"https:\/\/api.w.org\/{rel}","templated":true}]}}